s digit of ((25/5)/5)/(2/628)?
1
Let s = -26 + -10. Let r be (-83)/5 - s/60. Let m = 19 - r. What is the tens digit of m?
3
Let h = 31 + -29. Let b be 1 + -3 + h + 3. What is the units digit of 46 + 2/(-3)*b?
4
What is the units digit of ((-1206)/(-15))/(4/10)?
1
Suppose -4*t = 4*i - 28, 0 = -2*i + 2*t - t + 5. Suppose -11 = 3*f + 1, 2*g + 4 = -i*f. What is the units digit of g?
6
Suppose -644*t + 654*t = 41760. What is the units digit of t?
6
What is the tens digit of -3 + 1/(-1) - 41780/(-20)?
8
Suppose -5*v + 25 = -5*u, 4 = -2*u - 0*u. Suppose 0 = p + v*p. Suppose -4*l + 14 + 34 = p. What is the units digit of l?
2
Suppose -5*n + 4 = -4*c, n - 2*n - 12 = -4*c. Let o(p) = 4*p**2 - 8*p. What is the units digit of o(c)?
2
Let f(l) be the third derivative of l**4/24 + 47*l**3/6 + 40*l**2. What is the tens digit of f(4)?
5
Let f = 4155 + -2270. What is the hundreds digit of f?
8
What is the tens digit of 13188/35 + (-12)/15?
7
Let c = 13 + -4. Let r = c + -4. Suppose -5 = 2*q + r*u - 21, -24 = -2*q - 3*u. What is the tens digit of q?
1
Let o be 1*(-2)/(-6)*0. Suppose o = -5*b + 6*b. Suppose -5*q + 2*g + 267 = b, -10 - 38 = -q - 5*g. What is the tens digit of q?
5
Let h(q) = -92*q**2 + q + 1. Let m be h(-1). Let d = -47 - m. What is the tens digit of d?
4
Let x = -25 + 31. Let s be (-2)/x - 6/9. Let v(o) = -34*o**3 + o**2 + o + 1. What is the units digit of v(s)?
5
Let j be -7*1 + (-756)/(-63). Suppose -s + 6 = 3*g, 10 = 3*s - g + 2*g. Suppose -i - 2*i - 66 = -2*o, s*i = j*o - 147. What is the tens digit of o?
2
Let g = -26 - -36. Suppose g*a + 232 = 14*a. What is the units digit of a?
8
Let s(q) = -q**3 + 8*q**2 - 6*q - 6. Let f be s(7). Suppose 8*j - 2*p - 7 = 3*j, 0 = j + p. Suppose -j = -2*o + f. What is the units digit of o?
1
Suppose -4*x + x = 144. Let u = x + 20. Let y = u + 87. What is the tens digit of y?
5
Let d(c) = 8*c - 16. Let o = 12 + -5. What is the units digit of d(o)?
0
Let b = 223 - -130. What is the tens digit of b?
5
Let u = -143 - -351. Suppose -148 = -4*j + u. What is the units digit of j?
9
Suppose 10 = 5*d - 0*d. Suppose -3*h + 5*h = -2*p - 72, p + d = 0. Let t = -16 - h. What is the tens digit of t?
1
Let v(j) = j**2 - 29*j - 2*j**3 + 25*j - 2 - j**3 - 3. What is the tens digit of v(-2)?
3
Let c = -15 + 20. Suppose -c*w - d - 2*d - 5 = 0, d + 13 = 4*w. Suppose o + 3*v - 43 = 5*v, v = -w*o + 96. What is the tens digit of o?
4
Suppose -5*y + 5*d = -2740, y - 2*d - 545 = -0*d. What is the tens digit of y?
5
Let l(f) = 23*f**2 + f + 7. Suppose 1 = -5*y - 3*m, 5*y = 3*m - 0*m - 19. What is the units digit of l(y)?
7
Let n(r) = r - 2. Let l be n(7). Suppose c - 2 = -2*p, 13 = 4*p - l*p - 4*c. Suppose 0 = -3*j + 3*x + 21, p*j + x = 3*x + 21. What is the units digit of j?
7
Let v(l) = -l - 4. Suppose -a - 2*a + j = 21, -j + 27 = -4*a. Let o be v(a). Suppose -4*f = -f + 2*n - 16, -40 = -4*f + o*n. What is the units digit of f?
8
Let q(h) = 41*h**2 + 5*h + 4. Let c be q(-4). Let n = c + -452. Suppose 0 = o - 6 + 1, 0 = 4*p - 4*o - n. What is the units digit of p?
2
Let y(o) = 2*o**3 - 19*o**2 + 18*o + 19. What is the hundreds digit of y(12)?
9
Suppose 0 = -4*u + v + 1238, 5*v + 629 = 4*u - 601. What is the hundreds digit of u?
3
Suppose 4*n = 5*n - 38. Let d = n + -18. Suppose -3*z + d = z. What is the units digit of z?
5
Let g be 242/(0 + 2) - (2 - 0). Let y = 335 - g. What is the units digit of y?
6
What is the tens digit of (-6)/(-15)*93995/22?
0
Let x be (-32*1)/4*2. Let z = 10 + x. What is the units digit of ((-21)/z)/(4/24)?
1
Suppose -9*z + 7*z = 2*h - 688, 4*h + z = 1370. What is the units digit of h?
2
Suppose l + 15 = 6*l, 0 = -3*t + 4*l - 189. What is the tens digit of 0*(-3)/(-12) + (1 - t)?
6
Let b = -323 + 491. What is the units digit of b?
8
Suppose -12*t + 4012 + 20876 = 0. What is the units digit of t/51 - 2/(-6)?
1
Suppose 4*q + 3*y = -38 + 398, 3*q - 241 = 5*y. Suppose -5*r + 2*r - q = 0. Let v = r + 48. What is the units digit of v?
9
Let l(k) be the first derivative of 37/3*k**3 + k + k**2 + 1. What is the tens digit of l(-1)?
3
Let s(i) = 1 + 10*i + i**2 + 1 - 15*i. Let m be s(5). Let p(h) = 4*h - 1. What is the units digit of p(m)?
7
Let i(u) = 4*u - 57. Let q be i(14). Let o = 45 - q. What is the units digit of o?
6
Suppose -3*x - 151 = 2*j - 8*x, 0 = 2*x - 10. Let b = j - -93. Suppose -7*u = -2*u - b. What is the units digit of u?
6
Let l = -2603 - -4118. What is the hundreds digit of l?
5
Let n = -1797 + 2811. What is the hundreds digit of n?
0
Let u = 73 - 48. What is the hundreds digit of -1 + u*((-198)/(-15) - 4)?
2
Suppose -2*c + 2*s = -6, c + s = 6*c - 23. Suppose -c*b + 110 = 5*p, 0 = -2*p + 5 + 5. What is the tens digit of b?
1
Suppose -5*m - 15*m + 7800 = 0. What is the tens digit of m?
9
Let d be (-3 + (-75)/(-9))/((-3)/9). What is the hundreds digit of (-2876)/d - ((-30)/8)/(-5)?
1
Let q(i) = 2*i**3 - 8*i**2 - 11*i - 6. Let o(m) = -m**3 - 1. Let s(r) = o(r) + q(r). What is the tens digit of s(10)?
8
Let u(o) = 2*o**3 + 21*o**2 + 29*o - 38. What is the hundreds digit of u(8)?
5
Suppose 6*d - 2*d - 4 = -3*n, 0 = -5*d - 10. What is the tens digit of 1 + (3 - -6) + n?
1
Let o = 70 + -72. What is the tens digit of (-528)/(-16)*(o/(-3) + 0)?
2
Let z = 89 + -87. What is the hundreds digit of 8/6*549/6 + z?
1
Suppose -3*t - 4*p + 12276 = 0, -2*t + 6*t = 2*p + 16346. What is the tens digit of t?
8
Let f(k) = 23*k - 25. Let c be f(-11). What is the tens digit of c/(-8) - 1/(-4)?
3
Suppose 0*v = -2*v. Let x(r) = -r - 1. Let b be x(v). What is the units digit of (b - (-4 + 6))*-17?
1
Let q(v) = 4*v - 16. Let a be q(5). Let c(z) = 20*z - 45. What is the units digit of c(a)?
5
Suppose 0 = 11*i + 18*i - 13804. What is the hundreds digit of i?
4
Suppose 15*t - 22127 = -14*t. What is the hundreds digit of t?
7
Let j(w) = -w**3 + 6*w**2 + 7*w + 2. Let y be j(7). What is the tens digit of ((-9)/(27/48))/(y/(-3))?
2
Let u(h) be the second derivative of h**5/20 - h**4/12 - 5*h**3/6 + 3*h**2/2 + 6*h. What is the tens digit of u(5)?
7
Suppose -4*y + 3*y = t - 19, -y - 4*t + 16 = 0. Let f = -10 + 20. What is the units digit of f/y + 46/4?
2
Suppose -f + 2*f - 272 = 0. Suppose -6*a = -10*a + f. Suppose -5*n + 82 = -a. What is the tens digit of n?
3
Let y(j) = 115*j + 153. What is the tens digit of y(14)?
6
Suppose 20615 = 48*g - 13*g. What is the hundreds digit of g?
5
Let f = 1123 - 412. What is the units digit of f?
1
Let r = 78 + -75. What is the units digit of 37/r*(-1 + 4)?
7
Let v = 5304 - 1510. What is the tens digit of v?
9
Let w(x) = 66*x**2 + 2*x - 5*x + 4*x. What is the units digit of w(-1)?
5
Suppose 1735 = 4*u - 2*c - 659, -u + 3*c + 586 = 0. What is the tens digit of u?
0
Let z be (-1)/(-1*4/12). Suppose -83 = -l + 3*q, z*l + 2*q = -2*q + 197. What is the tens digit of l?
7
Suppose 0 = 2*z - z - 1. Let l = 9 - 13. What is the units digit of (z - l)*(3 - 2)?
5
Suppose -3*s + 28 = -56. What is the units digit of s?
8
What is the hundreds digit of (8844/462)/(1 - (-132)/(-133))?
5
Suppose 0 = -5*j - 3*b + 1 - 0, b = -3. Suppose z - j*z = -2*u + 78, 36 = u + z. Suppose u = 3*o + 2. What is the tens digit of o?
1
Suppose 0 = -12*g + 16648 + 1160. What is the units digit of g?
4
Suppose -7*g + 4*g = 156. Let l = 9 - g. Suppose 0 = -4*r - 5*j + l, 4*r - 4*j - 85 = -j. What is the units digit of r?
9
Suppose 3*x = 3*a + 2 - 8, -26 = 4*x + 2*a. Let u(i) = 2*i**2 + 4*i - 1. Let k be u(-3). What is the units digit of x*-2*3/k?
6
Suppose 3*g - 8 = 4*x, -2*x = 2*g + 3*x + 33. Let d(s) be the second derivative of -s**4/12 - s**3 + s**2/2 - 17*s. What is the units digit of d(g)?
9
What is the tens digit of 48/(-64) + -1 + 1251/4?
1
Let d be 3*16*(-1)/(-6). Suppose 0 = -3*x + d*x + 3660. What is the units digit of x/(-24) + (-1)/2?
0
Suppose -2*n - 5*i = 400, -5*i = -4*n - 658 - 202. Let q = -138 - n. Let v = q - 44. What is the units digit of v?
8
What is the tens digit of (48 - 3)*3 - (2 - -2)?
3
Suppose -2*m = 3*t - 4*t - 11, -3*t - m + 2 = 0. Suppose 4*r - 43 = -23. Let p = t + r. What is the units digit of p?
4
Let i be (-1 + 0)/((-1)/41). Suppose 12 = -0*f + 4*f. Suppose -i = -x + 2*a, 8 + 151 = f*x + 3*a. What is the units digit of x?
9
Suppose m = -84 - 15. Let k = -49 - m. What is the units digit of k?
0
Le